= -1149*g + 5722. Calculate q(5).
-23
Let a(g) = 1565*g - 3129. What is a(2)?
1
Let j(m) = 41*m + 1043. Calculate j(-23).
100
Let t(v) = 845*v + 3371. Calculate t(-4).
-9
Let p(c) = -c**3 + 19*c**2 + 253*c - 55. Give p(-9).
-64
Let u(y) = -y**2 - 3675*y + 14709. What is u(4)?
-7
Let c(t) = -t**3 + 51*t**2 - 481*t - 182. Calculate c(13).
-13
Let b(z) = -7*z**2 + 43*z - 193. Calculate b(4).
-133
Let x(a) = -74*a - 289. Give x(-4).
7
Let m(t) = t**3 - 9*t**2 + 15*t - 3. Determine m(8).
53
Let s(w) = -2*w**2 + w - 82. Determine s(-22).
-1072
Let v(x) = 18*x - 352. Calculate v(10).
-172
Let v(n) = -74*n - 305. Give v(-5).
65
Let s(w) = -2*w**2 - 17*w + 22. Give s(4).
-78
Let o(f) = -f**2 + 18*f - 114. What is o(16)?
-82
Let k(o) = 21*o - 29. What is k(3)?
34
Let u(m) = 5358*m - 58940. What is u(11)?
-2
Let b(y) = -6*y - 278. Give b(38).
-506
Let v(j) = -2*j**3 - 20*j**2 - 2*j + 66. Give v(-10).
86
Let g(r) = r**3 + 7*r**2 - 43*r + 34. Give g(-11).
23
Let g(a) = -404*a - 1688. Give g(-4).
-72
Let r(z) = z**2 - 16*z + 206. Determine r(14).
178
Let h(c) = 72*c + 138. Calculate h(-4).
-150
Let h(x) = 11*x**3 + 824*x**2 - 73*x + 67. Determine h(-75).
-83
Let b(t) = -9*t**2 - 18*t + 94. Calculate b(4).
-122
Let t(j) = -3*j**2 + 459*j + 2381. Give t(-5).
11
Let m(o) = -5*o + 315. Give m(17).
230
Let w(n) = -306*n - 6450. Calculate w(-21).
-24
Let b(a) = -14*a**2 - 47*a + 19. Calculate b(-6).
-203
Let k(t) = t**2 + 29*t + 79. Calculate k(-27).
25
Let u(a) = -a**3 - 16*a**2 - 21*a + 3. Give u(-13).
-231
Let t(l) = l**2 + 24*l - 770. Determine t(18).
-14
Let w(g) = -g**3 + 22*g**2 - 104*g + 58. Calculate w(6).
10
Let j(p) = -3821*p + 15293. Calculate j(4).
9
Let h(g) = 10*g + 323. Give h(-32).
3
Let a(u) = u**2 - 211*u + 6936. Give a(41).
-34
Let d(h) = h**2 + 15*h - 72. What is d(-21)?
54
Let p(k) = -11746*k - 23500. Calculate p(-2).
-8
Let n(x) = -265*x + 297. What is n(4)?
-763
Let m(a) = 646*a - 3164. Give m(5).
66
Let l(p) = -5*p**2 + 17*p - 52. Determine l(7).
-178
Let k(q) = -76*q**2 + 3*q + 16. Determine k(-2).
-294
Let g(k) = k**2 + 75*k - 3147. What is g(30)?
3
Let b(s) = 2*s**2 + 17*s - 868. Determine b(-26).
42
Let r(j) = j**2 + 7*j + 9. Calculate r(0).
9
Let t(c) = 6*c**2 - 24*c - 840. Give t(-10).
0
Let o(c) = -29*c - 341. What is o(-12)?
7
Let r(a) = 15*a - 69. Calculate r(6).
21
Let x(d) = -77*d + 11013. Determine x(143).
2
Let i(q) = -7*q**3 - 75*q**2 + 13*q - 103. Give i(-11).
-4
Let l(m) = -m**2 + 9*m + 169. Determine l(18).
7
Let z(s) = -114*s**2 + 8*s - 12. What is z(1)?
-118
Let b(w) = -336*w + 3039. Calculate b(9).
15
Let x(b) = -b**3 + 12*b**2 - 6*b - 2. Give x(5).
143
Let v(d) = -133*d**2 + 9844*d - 141. What is v(74)?
7
Let o(s) = 46*s + 54. Determine o(0).
54
Let k(a) = -4*a + 48. What is k(7)?
20
Let v(n) = n**3 - 190*n**2 + 202*n - 2463. What is v(189)?
-6
Let g(c) = -c**3 + 26*c**2 + 25*c + 14. What is g(27)?
-40
Let g(p) = 43*p + 160. Determine g(-6).
-98
Let t(w) = 2*w**2 + 86*w + 293. Give t(-35).
-267
Let z(l) = -18*l**2 - 297*l + 154. Calculate z(-17).
1
Let g(r) = 41*r + 82. Calculate g(-2).
0
Let q(a) = -20*a + 29. Calculate q(21).
-391
Let z(u) = -u**3 + 22*u**2 - 140*u + 5. What is z(10)?
-195
Let r(s) = -324*s + 4837. Calculate r(15).
-23
Let x(p) = -p**2 - 22*p + 1612. Calculate x(-54).
-116
Let x(r) = 84*r + 2044. Calculate x(-24).
28
Let k(r) = -4*r**2 + 18*r - 50. Calculate k(5).
-60
Let d(n) = 33*n**2 + 6*n + 28. Calculate d(-3).
307
Let o(l) = -3*l**2 - 59*l - 597. Determine o(-11).
-311
Let g(f) = 139*f - 2014. Calculate g(14).
-68
Let c(r) = -r**2 - 31*r - 107. Determine c(-30).
-77
Let g(c) = -76*c + 391. Determine g(5).
11
Let o(f) = 15*f**2 - 122*f - 648. What is o(-6)?
624
Let v(c) = -c**2 + 29*c + 146. Determine v(-13).
-400
Let k(s) = s**2 - 1649*s - 31683. Give k(-19).
9
Let p(n) = n**3 - 10*n**2 - 93*n + 798. Determine p(12).
-30
Let n(w) = -w**3 - 160*w**2 + 862*w + 6129. Give n(-165).
24
Let n(z) = -z**2 + 31*z - 18. Determine n(12).
210
Let j(i) = -2053*i + 39014. Calculate j(19).
7
Let k(w) = w**2 - 10*w - 23. What is k(12)?
1
Let p(u) = -u**3 - 21*u**2 + 28*u - 37. What is p(-22)?
-169
Let h(n) = -n**3 - 2*n**2 + 7*n - 43. Calculate h(3).
-67
Let k(n) = -n**3 - n**2 - 52*n - 729. Give k(-8).
135
Let k(j) = 543*j + 5999. What is k(-11)?
26
Let d(m) = 508*m + 3052. Calculate d(-6).
4
Let w(r) = 12*r + 232. What is w(-19)?
4
Let l(i) = -16*i**2 - 12*i + 74. Calculate l(-5).
-266
Let z(b) = -102*b - 639. Determine z(-6).
-27
Let z(w) = w**3 - 6*w**2 - 241*w + 80. Calculate z(-13).
2
Let x(z) = 5*z + 217. Determine x(-19).
122
Let b(m) = -m**3 + 35*m**2 - 73*m + 210. What is b(33)?
-21
Let j(w) = -6*w**2 + 1359*w - 2011. Calculate j(225).
14
Let i(m) = -m**3 + 10*m**2 - 8*m - 26. Calculate i(10).
-106
Let x(z) = 6*z + 48. Give x(1).
54
Let y(q) = 30*q + 854. Calculate y(-28).
14
Let z(j) = 1184*j - 17727. Give z(15).
33
Let v(q) = q**2 - 7275*q - 36414. What is v(-5)?
-14
Let s(f) = f**3 + 58*f**2 - 444*f - 101. Determine s(7).
-24
Let s(z) = 7*z + 278. Calculate s(-11).
201
Let p(n) = 30*n**2 - 236*n - 22. Give p(8).
10
Let l(d) = -d**3 + 25*d**2 + 194*d + 53. What is l(-6)?
5
Let g(m) = -m**2 + 54*m + 55. Determine g(22).
759
Let r(n) = 5*n**2 + 21*n + 25. Give r(-9).
241
Let h(v) = -v**3 + 8*v**2 + 21*v + 61. Give h(-8).
917
Let k(b) = b**3 - 58*b**2 - 106*b + 2766. Determine k(59).
-7
Let c(m) = 103*m**3 + m**2 + 11*m - 13. Determine c(1).
102
Let o(v) = -13*v**2 + 13*v - 10. Give o(1).
-10
Let u(g) = -g**3 - 77*g**2 - 73*g + 134. Calculate u(-76).
-94
Let s(g) = -12*g**2 + 112*g. What is s(9)?
36
Let y(v) = 29*v + 482. Determine y(-16).
18
Let t(p) = -p**2 + 84*p + 2086. Give t(-20).
6
Let d(q) = -q**3 - 58*q**2 + 51*q + 15. Give d(-59).
487
Let l(f) = -f**3 + 41*f**2 - 28*f + 1137. Give l(41).
-11
Let j(f) = -10*f**2 + 26*f + 3. Determine j(3).
-9
Let u(y) = -y**2 + 104*y - 912. Determine u(95).
-57
Let b(x) = -7*x + 339. Calculate b(49).
-4
Let u(q) = -9*q**2 + 5*q + 11. Calculate u(-1).
-3
Let a(f) = 5*f**3 - 2*f**2 - 4*f - 13. Calculate a(-3).
-154
Let r(i) = 21*i - 424. Calculate r(22).
38
Let y(j) = -58*j - 1552. Give y(-27).
14
Let j(o) = -135*o + 610. Give j(4).
70
Let i(x) = 2359*x - 4725. Determine i(2).
-7
Let u(o) = o**3 - 16*o**2 + 20*o + 15. Determine u(15).
90
Let a(r) = -446*r - 8099. Determine a(-18).
-71
Let f(y) = 224*y + 1540. Calculate f(-7).
-28
Let v(r) = 2*r**3 + 19*r**2 + 8*r + 5. Give v(-9).
14
Let b(m) = 360*m - 1412. Give b(4).
28
Let j(m) = 2*m**3 - 69*m**2 + 68*m + 3. Give j(1).
4
Let q(h) = -h**3 - 2*h**2 + 68*h - 17. What is q(-8)?
-177
Let s(o) = -2*o**3 + 16*o**2 + 5*o + 114. What is s(9)?
-3
Let w(o) = 27*o**3 + 1103*o**2 - 162*o + 29. What is w(-41)?
-53
Let o(j) = j**3 - 42*j**2 - 92*j - 3. Calculate o(-2).
5
Let v(y) = -y**3 - 10*y**2 + 12*y + 37. Calculate v(-11).
26
Let v(z) = -4*z**2 - z + 1. Give v(4).
-67
Let m(k) = -k**2 + 93*k - 1574. What is m(17)?
-282
Let g(j) = -2*j**3 - 2*j**2 + 10*j + 63. Calculate g(6).
-381
Let y(f) = 13*f + 357. Determine y(4).
409
Let m(y) = y**2 + 792*y + 4703. What is m(-6)?
-13
Let m(g) = g**3 + 20*g**2 + 17*g + 195. Determine m(-19).
233
Let j(m) = 85*m - 429. Calculate j(5).
-4
Let h(l) = 147*l + 3394. Give h(-23).
13
Let u(z) = z**3 + 7*z**2 + 10*z + 3. Determine u(-7).
-67
Let q(n) = 1938*n - 5825. What is q(3)?
-11
Let f(m) = m**3 + 95*m**2 - 191*m + 273. Determine f(-97).
-18
Let f(y) = -61*y - 210. Calculate f(-2).
-88
Let d(y) = -108*y + 500. Give d(5).
-40
Let n(k) = -k**3 + 23*k**2 + 12*k - 278. Determine n(23).
-2
Let n(w) = 10*w**2 - 248*w + 719. Calculate n(3).
65
Let h(u) = -u**2 + 124*u - 3373. What is h(84)?
-13
Let a(y) = -5*y**2 + 113*y - 102. Give a(21).
66
Let g(j) = -171*j - 120. Determine g(-3).
393
Let c(j) = 380*j - 4908. Determine c(13).
32
Let t(h) = -12*h + 336. What is t(32)?
-48
Let u(z) = z**3 - 60*z**2 + 57*z + 138. Determine u(59).
20
Let y(z) = z**3 - 13*z**2 - 91*z + 1148. Calculate y(9).
5
Let z(y) = -11*y**2 + 129*y - 12. What is z(11)?
76
Let q(i) = -5*i**2 - 112*i - 200. Give q(-2).
4
Let j(m) = m**3 - 8*m**2 + 24*m - 109. Calculate j(7).
10
Let s(m) = m**2 + 18*m - 1539. What is s(31)?
-20
Let n(w) = -62*w + 445. What is n(9)?
-113
Let j(t) = -5*t**2 + 41*t + 909. Calculate j(-17).